 61
What are the prime factors of 1024?
2
What are the prime factors of 4296?
2, 3, 179
List the prime factors of 15481.
113, 137
List the prime factors of 44365.
5, 19, 467
List the prime factors of 28055.
5, 31, 181
List the prime factors of 5962.
2, 11, 271
List the prime factors of 1640.
2, 5, 41
What are the prime factors of 13590?
2, 3, 5, 151
List the prime factors of 15080.
2, 5, 13, 29
What are the prime factors of 4417?
7, 631
List the prime factors of 15697.
11, 1427
What are the prime factors of 7000?
2, 5, 7
What are the prime factors of 12972?
2, 3, 23, 47
What are the prime factors of 809?
809
What are the prime factors of 81760?
2, 5, 7, 73
What are the prime factors of 49511?
7, 11, 643
What are the prime factors of 102?
2, 3, 17
List the prime factors of 1122.
2, 3, 11, 17
What are the prime factors of 2120?
2, 5, 53
List the prime factors of 7713.
3, 857
What are the prime factors of 18341?
18341
What are the prime factors of 614?
2, 307
List the prime factors of 30783.
3, 31, 331
List the prime factors of 13865.
5, 47, 59
List the prime factors of 23632.
2, 7, 211
What are the prime factors of 13042?
2, 6521
List the prime factors of 3957.
3, 1319
What are the prime factors of 60149?
60149
List the prime factors of 3864.
2, 3, 7, 23
List the prime factors of 6436.
2, 1609
List the prime factors of 23411.
41, 571
What are the prime factors of 2649?
3, 883
List the prime factors of 2165.
5, 433
List the prime factors of 65265.
3, 5, 19, 229
List the prime factors of 11245.
5, 13, 173
What are the prime factors of 9379?
83, 113
List the prime factors of 649.
11, 59
What are the prime factors of 17826?
2, 3, 2971
List the prime factors of 1347.
3, 449
List the prime factors of 7940.
2, 5, 397
What are the prime factors of 1138?
2, 569
What are the prime factors of 78?
2, 3, 13
List the prime factors of 99.
3, 11
What are the prime factors of 16942?
2, 43, 197
What are the prime factors of 3614?
2, 13, 139
List the prime factors of 642.
2, 3, 107
List the prime factors of 85.
5, 17
What are the prime factors of 34452?
2, 3, 11, 29
List the prime factors of 4563.
3, 13
List the prime factors of 720.
2, 3, 5
What are the prime factors of 89947?
11, 13, 17, 37
What are the prime factors of 2823?
3, 941
What are the prime factors of 47645?
5, 13, 733
What are the prime factors of 5636?
2, 1409
What are the prime factors of 1056?
2, 3, 11
What are the prime factors of 16108?
2, 4027
What are the prime factors of 7906?
2, 59, 67
List the prime factors of 2603.
19, 137
List the prime factors of 3629.
19, 191
What are the prime factors of 135080?
2, 5, 11, 307
List the prime factors of 273.
3, 7, 13
List the prime factors of 19083.
3, 6361
What are the prime factors of 6909?
3, 7, 47
List the prime factors of 31153.
31153
What are the prime factors of 12643?
47, 269
List the prime factors of 8495.
5, 1699
What are the prime factors of 171?
3, 19
What are the prime factors of 77502?
2, 3, 12917
What are the prime factors of 2712?
2, 3, 113
List the prime factors of 1519.
7, 31
List the prime factors of 60037.
60037
What are the prime factors of 27848?
2, 59
List the prime factors of 3744.
2, 3, 13
List the prime factors of 4591.
4591
List the prime factors of 2407.
29, 83
What are the prime factors of 7130?
2, 5, 23, 31
List the prime factors of 21458.
2, 10729
What are the prime factors of 42250?
2, 5, 13
What are the prime factors of 14556?
2, 3, 1213
What are the prime factors of 4837?
7, 691
What are the prime factors of 7354?
2, 3677
List the prime factors of 6026.
2, 23, 131
List the prime factors of 6278.
2, 43, 73
List the prime factors of 4420.
2, 5, 13, 17
What are the prime factors of 1949?
1949
List the prime factors of 4931.
4931
List the prime factors of 78541.
78541
List the prime factors of 6922.
2, 3461
What are the prime factors of 90375?
3, 5, 241
What are the prime factors of 5987?
5987
What are the prime factors of 2789?
2789
What are the prime factors of 128239?
128239
What are the prime factors of 29682?
2, 3, 17, 97
What are the prime factors of 32204?
2, 83, 97
What are the prime factors of 75483?
3, 8387
What are the prime factors of 10595?
5, 13, 163
List the prime factors of 34213.
34213
List the prime factors of 4423.
4423
What are the prime factors of 84317?
84317
What are the prime factors of 10119?
3, 3373
List the prime factors of 5249.
29, 181
List the prime factors of 3606.
2, 3, 601
What are the prime factors of 1564?
2, 17, 23
What are the prime factors of 46192?
2, 2887
What are the prime factors of 17823?
3, 13, 457
What are the prime factors of 841?
29
List the prime factors of 1776.
2, 3, 37
What are the prime factors of 7402?
2, 3701
List the prime factors of 71942.
2, 13, 2767
List the prime factors of 306.
2, 3, 17
What are the prime factors of 2147?
19, 113
List the prime factors of 17529.
3, 5843
What are the prime factors of 351?
3, 13
What are the prime factors of 9038?
2, 4519
List the prime factors of 772.
2, 193
What are the prime factors of 3771?
3, 419
List the prime factors of 90137.
23, 3919
List the prime factors of 57121.
239
List the prime factors of 14431.
14431
What are the prime factors of 22589?
7, 461
What are the prime factors of 75954?
2, 3, 12659
What are the prime factors of 2167?
11, 197
List the prime factors of 3891.
3, 1297
List the prime factors of 172792.
2, 21599
List the prime factors of 4029.
3, 17, 79
What are the prime factors of 2173?
41, 53
What are the prime factors of 10090?
2, 5, 1009
List the prime factors of 66652.
2, 19, 877
List the prime factors of 49523.
49523
List the prime factors of 10887.
3, 19, 191
What are the prime factors of 2239?
2239
List the prime factors of 2025.
3, 5
List the prime factors of 51663.
3, 17, 1013
What are the prime factors of 23363?
61, 383
List the prime factors of 6277.
6277
List the prime factors of 379.
379
What are the prime factors of 1175?
5, 47
List the prime factors of 459.
3, 17
What are the prime factors of 1616?
2, 101
What are the prime factors of 22644?
2, 3, 17, 37
What are the prime factors of 2280?
2, 3, 5, 19
What are the prime factors of 14353?
31, 463
What are the prime factors of 3717?
3, 7, 59
List the prime factors of 31359.
3, 10453
What are the prime factors of 87076?
2, 11, 1979
What are the prime factors of 2435?
5, 487
What are the prime factors of 9812?
2, 11, 223
What are the prime factors of 6475?
5, 7, 37
List the prime factors of 1707.
3, 569
What are the prime factors of 109551?
3, 13, 53
List the prime factors of 4517.
4517
What are the prime factors of 37092?
2, 3, 11, 281
List the prime factors of 29543.
31, 953
What are the prime factors of 5205?
3, 5, 347
List the prime factors of 176.
2, 11
List the prime factors of 21883.
79, 277
List the prime factors of 259.
7, 37
What are the prime factors of 92440?
2, 5, 2311
List the prime factors of 824.
2, 103
What are the prime factors of 13447?
7, 17, 113
List the prime factors of 8128.
2, 127
What are the prime factors of 32180?
2, 5, 1609
What are the prime factors of 47195?
5, 9439
List the prime factors of 706.
2, 353
What are the prime factors of 54735?
3, 5, 41, 89
What are the prime factors of 40885?
5, 13, 17, 37
List the prime factors of 1702.
2, 23, 37
What are the prime factors of 40858?
2, 31, 659
What are the prime factors of 17476?
2, 17, 257
What are the prime factors of 7389?
3, 821
What are the prime factors of 4172?
2, 7, 149
List the prime factors of 35525.
5, 7, 29
List the prime factors of 5372.
2, 17, 79
What are the prime factors of 1967?
7, 281
List the prime factors of 2893.
11, 263
List the prime factors of 29683.
29683
List the prime factors of 60690.
2, 3, 5, 7, 17
List the prime factors of 96608.
2, 3019
List the prime factors of 4646.
2, 23, 101
What are the prime factors of 11311?
11311
What are the prime factors of 4770?
2, 3, 5, 53
What are the prime factors of 56392?
2, 7, 19, 53
List the prime factors of 25502.
2, 41, 311
List the prime factors of 5866.
2, 7, 419
What are the prime factors of 9364?
2, 2341
What are the prime factors of 1418?
2, 709
List the prime factors of 2145.
3, 5, 11, 13
List the prime factors of 88.
2, 11
List the prime factors of 18426.
2, 3, 37, 83
List the prime factors of 67